r of 51 and 34?
17
Calculate the greatest common factor of 8 and 6176.
8
What is the greatest common factor of 42 and 51114?
42
What is the greatest common divisor of 287 and 41?
41
What is the highest common factor of 250 and 25?
25
Calculate the highest common divisor of 1079 and 13.
13
What is the greatest common divisor of 100 and 275?
25
What is the highest common divisor of 38 and 31008?
38
What is the greatest common factor of 91 and 286?
13
What is the greatest common factor of 1710 and 11210?
190
Calculate the greatest common factor of 7575 and 30.
15
What is the greatest common factor of 21 and 246?
3
Calculate the highest common factor of 24 and 28.
4
What is the highest common factor of 44 and 33?
11
What is the highest common divisor of 931 and 57?
19
Calculate the highest common factor of 72 and 234.
18
Calculate the greatest common factor of 150 and 120.
30
What is the greatest common divisor of 46031 and 191?
191
What is the highest common divisor of 81 and 8343?
81
What is the greatest common divisor of 260 and 52?
52
What is the greatest common divisor of 6795 and 60?
15
What is the greatest common divisor of 9022 and 104?
26
What is the highest common factor of 44 and 242?
22
Calculate the highest common factor of 90 and 5070.
30
What is the greatest common divisor of 33 and 5709?
33
Calculate the highest common divisor of 14 and 91.
7
What is the greatest common factor of 11 and 7062?
11
What is the greatest common divisor of 48 and 7500?
12
What is the greatest common divisor of 20 and 540?
20
What is the highest common factor of 4 and 566?
2
What is the highest common factor of 23 and 3013?
23
What is the greatest common factor of 142 and 1846?
142
What is the highest common divisor of 390 and 30?
30
What is the greatest common factor of 7 and 175?
7
What is the highest common divisor of 370 and 20?
10
What is the greatest common divisor of 7704 and 72?
72
What is the greatest common factor of 2 and 665?
1
Calculate the greatest common factor of 329 and 7.
7
What is the greatest common divisor of 18 and 9378?
18
What is the greatest common factor of 297 and 405?
27
Calculate the highest common divisor of 398 and 1.
1
What is the greatest common factor of 75 and 300?
75
What is the greatest common factor of 24 and 264?
24
Calculate the greatest common factor of 48 and 21136.
16
What is the highest common divisor of 70 and 370?
10
What is the highest common divisor of 6 and 702?
6
What is the highest common factor of 9 and 57?
3
What is the greatest common factor of 18 and 6?
6
Calculate the highest common divisor of 99 and 44.
11
What is the greatest common divisor of 108 and 729?
27
Calculate the highest common factor of 4690 and 50.
10
What is the greatest common divisor of 13169 and 39?
13
What is the highest common factor of 144 and 81?
9
Calculate the greatest common factor of 76 and 95.
19
What is the highest common divisor of 166 and 14027?
83
Calculate the greatest common divisor of 1846 and 13.
13
What is the greatest common divisor of 220 and 160?
20
Calculate the greatest common factor of 552 and 312.
24
What is the highest common divisor of 4 and 100?
4
Calculate the highest common factor of 38 and 19.
19
What is the greatest common divisor of 68 and 128?
4
Calculate the greatest common factor of 177 and 2006.
59
Calculate the greatest common factor of 5033 and 7.
7
Calculate the highest common divisor of 72 and 28.
4
Calculate the highest common divisor of 297 and 135.
27
Calculate the greatest common divisor of 3 and 32.
1
What is the highest common divisor of 108 and 6924?
12
What is the greatest common divisor of 3451 and 87?
29
What is the highest common factor of 145 and 116?
29
What is the greatest common factor of 65 and 10?
5
Calculate the highest common factor of 1002 and 1670.
334
What is the greatest common factor of 20 and 2680?
20
Calculate the highest common divisor of 310 and 7285.
155
What is the greatest common factor of 8 and 584?
8
Calculate the highest common factor of 28 and 196.
28
Calculate the highest common divisor of 9 and 549.
9
Calculate the greatest common divisor of 29 and 1.
1
Calculate the highest common divisor of 19 and 589.
19
Calculate the greatest common factor of 4532 and 44.
44
Calculate the highest common factor of 16 and 1.
1
Calculate the highest common factor of 10332 and 56.
28
Calculate the highest common factor of 1 and 375.
1
Calculate the greatest common divisor of 125 and 41375.
125
What is the highest common factor of 165 and 25520?
55
What is the highest common factor of 3401 and 537?
179
What is the greatest common divisor of 145 and 261?
29
Calculate the highest common divisor of 27 and 513.
27
What is the highest common divisor of 34 and 1037?
17
What is the greatest common factor of 705 and 75?
15
What is the highest common divisor of 351 and 117?
117
What is the greatest common divisor of 125 and 5?
5
What is the greatest common divisor of 18 and 2187?
9
Calculate the greatest common divisor of 12 and 6320.
4
Calculate the greatest common factor of 84 and 15.
3
What is the greatest common divisor of 4018 and 410?
82
Calculate the highest common factor of 43262 and 388.
194
What is the greatest common divisor of 168 and 532?
28
What is the highest common divisor of 477 and 7791?
159
Calculate the highest common factor of 253 and 55.
11
What is the highest common divisor of 30 and 45?
15
What is the greatest common divisor of 44 and 154?
22
What is the greatest common factor of 67 and 1139?
67
Calculate the highest common factor of 20 and 90.
10
Calculate the greatest common factor of 2915 and 110.
55
What is the greatest common factor of 330 and 60?
30
Calculate the highest common divisor of 70 and 56.
14
What is the greatest common divisor of 3495 and 30?
15
Calculate the greatest common factor of 224 and 406.
14
Calculate the greatest common factor of 392 and 12824.
56
What is the greatest common factor of 35 and 4375?
35
Calculate the greatest common divisor of 3370 and 40.
10
Calculate the greatest common divisor of 81 and 9.
9
Calculate the greatest common factor of 136 and 612.
68
Calculate the greatest common divisor of 84 and 48.
12
Calculate the greatest common divisor of 6000 and 30.
30
What is the greatest common divisor of 495 and 22?
11
What is the greatest common divisor of 48 and 15528?
24
What is the greatest common factor of 6786 and 936?
234
What is the highest common factor of 330 and 154?
22
Calculate the highest common factor of 6 and 183.
3
What is the highest common factor of 315 and 900?
45
What is the greatest common factor of 992 and 32?
32
Calculate the greatest common divisor of 99 and 22.
11
What is the highest common divisor of 398 and 10149?
199
What is the greatest common divisor of 36 and 4?
4
Calculate the highest common factor of 231 and 1881.
33
Calculate the greatest common factor of 70 and 580.
10
Calculate the greatest common divisor of 803 and 473.
11
Calculate the highest common factor of 526 and 6.
2
Calculate the highest common factor of 200 and 8000.
200
What is the highest common factor of 49 and 1421?
49
What is the greatest common divisor of 1717 and 101?
101
What is the highest common divisor of 531 and 36?
9
What is the greatest common divisor of 5736 and 24?
24
What is the greatest common divisor of 24 and 48?
24
What is the highest common divisor of 1341 and 27?
9
Calculate the greatest common factor of 196 and 63.
7
Calculate the greatest common divisor of 3473 and 23.
23
Calculate the highest common factor of 111 and 333.
111
Calculate the highest common divisor of 18 and 666.
18
What is the highest common divisor of 99 and 869?
11
What is the greatest common divisor of 1647 and 61?
61
Calculate the greatest common factor of 258 and 602.
86
Calculate the greatest common divisor of 164 and 41.
41
Calculate the highest common divisor of 4160 and 26.
26
What is the highest common divisor of 768 and 48?
48
What is the highest common factor of 740 and 60?
20
What is the greatest common divisor of 72 and 45?
9
Calculate the highest common divisor of 154 and 42.
14
What is the highest common divisor of 1221 and 2553?
111
What is the greatest common divisor of 5 and 415?
5
Calculate the highest common facto